 = 0. What is the hundreds digit of o?
6
Let k(b) = -b**3 - 23*b**2 - 38*b + 42. Let i be k(-21). What is the units digit of 36 + i - (-951*1 + -1)?
6
Let k(g) = 4*g**2 + g - 96. Let t(q) = q**3 - 10*q**2 + 8*q + 12. Let b be t(9). Let j(y) = y**2. Let h(n) = b*j(n) - k(n). What is the tens digit of h(0)?
9
Let w = -13129 + 20322. What is the units digit of w?
3
Let h be (5 + -11)/(-3) - (-196)/1. Suppose -1140 = -3*x + h. What is the hundreds digit of x?
4
What is the units digit of 3/15 - (487431/(-45) - 2*-3)?
6
Suppose 272 = 131*z - 130*z. What is the hundreds digit of z?
2
What is the tens digit of (28/(-30) - (0 + 6/(-45)))*-7505?
0
Let v = -5467 + 15329. What is the hundreds digit of v?
8
Suppose -2*c - 6 = -y, -12 - 6 = -3*y + c. Let m(r) = 22*r - 10. What is the tens digit of m(y)?
2
Let h(n) = -n**2 + 4*n + 5. Let q be h(5). Suppose 16*w - 11*w + 1345 = q. Let r = w - -410. What is the tens digit of r?
4
Let y = -17934 - -26185. What is the thousands digit of y?
8
Let i = 15 - 105. Let a = i - -93. Suppose -224 = -2*l + 3*h, 4*l + 4*h = a*l + 112. What is the tens digit of l?
1
Let t be (-24050)/(-333) - (1 + (-7)/9). Suppose -704*h - t = -708*h. What is the units digit of h?
8
Let r(l) be the third derivative of -l**6/120 - 3*l**5/20 - l**4/2 - 2*l**3 - 18*l**2. Let j be r(-12). Suppose j = 8*w - 196. What is the tens digit of w?
9
Suppose 0 = -3*x - v - 9, -5*x - 5*v + 4*v = 17. Let h be 40/x*(-45 - 5). Suppose s - 230 = -4*q + 6*q, -2*s = 4*q - h. What is the units digit of s?
0
Suppose -2*b + 2541 - 40187 = -4*m, 2*b = -2*m + 18820. What is the hundreds digit of m?
4
Suppose 0 = -147519*l + 147530*l - 30096. What is the units digit of l?
6
Suppose -2 = q - 4. Suppose 5*y - b - 40 = 0, b - 2*b - 16 = -q*y. What is the units digit of ((-4)/y)/((-1)/128)?
4
What is the thousands digit of (-61)/((-6)/(785 - -1))?
7
Suppose 34*o = 32*o + 4. Suppose -a = 4*j - 14, a - o*j + 2 = -8. What is the hundreds digit of -1 - -1 - 236/a?
1
Let n = 9152 - -9443. What is the thousands digit of n?
8
Let z(r) = -44*r**2 - 1689*r + 28. What is the tens digit of z(-35)?
4
Let n be (12 - 11)*13/1. Let y = n + -9. What is the tens digit of (4 + -2 - y)*-9?
1
Let n = 337 + -331. Let m(q) = q**3 - 4*q**2 - 7. What is the tens digit of m(n)?
6
What is the units digit of 10987 + -26 + (-130)/(-10)?
4
Suppose 14*u = 3*h + 17*u - 3207, -5*u = -25. Let b = -622 + h. What is the tens digit of b?
4
Let f = 931 + -559. Suppose 3*m - 718 = -2*x, -m + 3*x = -f + 140. What is the tens digit of m?
3
Let x(o) be the second derivative of o**4/6 - 17*o**3/3 + 33*o**2 + 60*o. What is the hundreds digit of x(32)?
0
Let x(d) = 18*d**2 - 2*d - 81. What is the units digit of x(13)?
5
Suppose -5*i = 9 + 1. Let y = i + 43. Let x = 70 - y. What is the units digit of x?
9
Suppose 30 = -6*t + 6. Let y be 6305/(1 - t) + 3. Suppose 10*s - y = 666. What is the tens digit of s?
9
Suppose -5*j = -5*y + 6130, -3*j - 1218 = 3*y + 2478. Let r = j - -1937. What is the tens digit of r?
0
Let p be 0 + 0/(3/(-1)) - -8. Suppose 3*c - 4*c - p*c = 0. Suppose -2*d + 6*d - 936 = c. What is the tens digit of d?
3
Suppose -4*u = -3*j - 259, -2*u + 14 = -3*j - 255. Suppose -31*r + 33*r + 286 = -4*d, 4*r + 4*d + 568 = 0. Let k = j - r. What is the units digit of k?
8
Let h be 785/2 - (-18)/36. Suppose 59 = -5*q + 5*g - 476, -4*q - 3*g = h. Let i = 44 - q. What is the units digit of i?
6
Suppose 70*j = 59*j - 55. Let v(d) = -88*d + 1. What is the tens digit of v(j)?
4
Let q(n) = -n**2 - 4*n + 4. Let m be q(-4). Let r be 510/25*(-5)/(-2). Suppose -m*t + t = -r. What is the tens digit of t?
1
Suppose 0 = -14*d + 3100 + 22. Suppose 18*z = 7769 + d. What is the hundreds digit of z?
4
Suppose 0 = -4*s - 15 + 31. Let n be (-5712)/(-64) - 1/s. Suppose u = -5*l + n, 4*u - 2*l = u + 182. What is the tens digit of u?
6
Let k = 86 + -66. Suppose -k = 4*r - 40. Suppose c + 4*y + 324 = r*c, -3*y = -3. What is the units digit of c?
2
Suppose -v - 2 = -2*s, -5*v + 4 = 2*s + 2*s. Let u(f) = 92*f**2 - f. What is the units digit of u(s)?
1
Suppose 5*u + 3*o = 8, 4*u - 2*o - 3 = -o. Let b be -3 + (-4 - 40/2). What is the hundreds digit of (-9)/b + (443/3)/u?
1
Suppose 2*z + 0*k - 49 = k, -5*z + 160 = 5*k. Suppose -28*v = -z*v - 322. What is the hundreds digit of v?
3
Let u(p) = -4*p + 1 + 4 + 8 + 5*p. Suppose 2*y - j - 32 = 0, -4*j - 51 - 7 = -3*y. What is the units digit of u(y)?
7
Let a = -43993 - -81216. What is the tens digit of a?
2
Suppose f + 10 = 2*g + 6*f, 0 = -2*f. Suppose -4*t = -g*j + 2211, -t - 4*t = 5*j - 2220. What is the units digit of j?
3
What is the thousands digit of (453508/(-55))/(8/(-20))?
0
Let r(c) = 79*c**3 + 6*c**2 - 92*c + 463. What is the units digit of r(6)?
1
Let f(v) = -v**2 - 9*v + 6. Let q be f(-5). Suppose -25*n = -q*n + 2. Suppose 12*k - 1140 = n*k. What is the hundreds digit of k?
1
Suppose -j + 34 = 14. Let v = -12 + j. What is the units digit of 1/2*v*18?
2
Let s = -45 + 27. Let d = -13 - s. Suppose -d*a + 426 + 19 = 0. What is the tens digit of a?
8
Suppose 190*j - 1510983 - 531915 = 47*j. What is the tens digit of j?
8
Suppose -49 = -m - 69. What is the hundreds digit of ((-124)/m)/((-3)/(-255))?
5
Let a be 302/(-2) - (-4 - 1). Let d = a + 322. What is the units digit of d?
6
Suppose -416*l - 197988 = -444*l. What is the units digit of l?
1
Let h(t) = 1 + 9 + 2*t - 9. Let o be h(-2). What is the units digit of (5 - -8) + (3 - (o + 7))?
2
Let n = -188 - -418. Suppose -5*l = -5*o + 1110 - n, -3*l = 3. What is the units digit of o?
5
Suppose 0 = 12*l + 4*l + 2*l - 14472. What is the hundreds digit of l?
8
Suppose 1688 = 8*b - 16*b. Let v = b + 420. What is the units digit of v?
9
Let s = -112 + -598. Let i = -139 - s. What is the tens digit of i?
7
Suppose 465 = 5*k + 2910. Let x = k + 296. Let q = -109 - x. What is the tens digit of q?
8
Let w be (3 - (3 - -1))*(2 + -1388). Suppose -3*x - w = -2*t, 0*t - 3*t = 3*x - 2049. What is the tens digit of t?
8
Let s(t) = -3*t - 6. Let g(a) = -12*a - 24. Let i(n) = -2*g(n) + 9*s(n). Let d be i(-12). Suppose 3*q = d + 27. What is the tens digit of q?
1
Suppose 4*s - 2*a - 92691 = 116703, -5*s + 261753 = a. What is the hundreds digit of s?
3
Let l be (0 + (-973)/(-2))/(22/(-44)). Let b = 2173 + l. Suppose 0 = 9*v + 273 - b. What is the hundreds digit of v?
1
Suppose -26 = -5*t - 1, 0 = -k - 5*t + 1279. Let f = -625 + k. What is the hundreds digit of f?
6
Suppose 0 = -530*i + 185*i + 256941 + 17359794. What is the hundreds digit of i?
0
Let r = -40795 - -72666. What is the units digit of r?
1
Let d be 3 - 54/12*(-670)/(-3). Let h = -454 - d. What is the hundreds digit of h?
5
Suppose 34654 = -7*w + 108749. What is the thousands digit of w?
0
Let n be 3 - (6 + (-4 - -1)). Suppose -2*q + 8 - 4 = n. Suppose -5*g - 24 = -3*h + 25, -q*h - 2*g = -22. What is the units digit of h?
3
Suppose 5*r + 5*q - 235 = -55, r - 18 = 5*q. Suppose 0 = -2*l - 9*l + r. Suppose 0 = -5*y - 15, -l*y + 39 = 4*n - 236. What is the units digit of n?
1
Let s(o) = o**2 + 15*o + 24. Let z be s(-14). Suppose x - 12 = -z. Suppose 6*h - q = 2*h + 937, 467 = x*h + q. What is the units digit of h?
4
What is the thousands digit of 33874/(-8 - -10) - -4?
6
What is the units digit of (1395414/162)/(1/3)?
1
Let c(s) = -14 + 68*s - 15*s - 10*s - 18*s. Let y be c(27). Suppose -5*d + 902 = 5*q + 102, 0 = -4*q + 3*d + y. What is the tens digit of q?
6
Suppose 3*z - 1545 = -417. Let d = z - 252. What is the hundreds digit of d?
1
Suppose -49*z + 713980 + 905568 = 0. What is the units digit of z?
2
Let y = -518 + 464. Let r = 3 + -1. What is the units digit of 51 + (r/4 - y/(-12))?
7
Let m = 27593 + -16278. What is the hundreds digit of m?
3
Let g(q) = -24*q + 126. Let v be g(28). What is the tens digit of (27/((-729)/36))/(4/v)?
8
Let o = 9815 - 2711. What is the units digit of o?
4
Let q(g) = -1502*g**3 + g**2 - 16*g - 29. What is the hundreds digit of q(-2)?
0
Let k be (-1)/(2 + 9385/(-4690)). Suppose 0 = -10*i + 2992 + k. What is the units digit of i?
3
Suppose 0 = 9*r - 232 + 7. Suppose -20*k - 1085 = -r*k. What is the tens digit of k?
1
Suppose -129 = 2*v + 3*j, v + 2*j = -v - 128. Let o be (107/3 - 0)*-3. Let m = v - o. What is the tens digit of m?
4
Suppose 590*r + 5*n - 3330